{"id":111,"date":"2024-03-18T22:00:01","date_gmt":"2024-03-18T21:00:01","guid":{"rendered":"https:\/\/union-musicale-salbris.fr\/?page_id=111"},"modified":"2025-10-23T14:47:50","modified_gmt":"2025-10-23T12:47:50","slug":"nous-soutenir","status":"publish","type":"page","link":"https:\/\/union-musicale-salbris.fr\/index.php\/nous-soutenir\/","title":{"rendered":"Nous soutenir"},"content":{"rendered":"\n<div class=\"wp-block-columns is-layout-flex wp-container-core-columns-is-layout-9d6595d7 wp-block-columns-is-layout-flex\">\n<div class=\"wp-block-column is-layout-flow wp-block-column-is-layout-flow\" style=\"flex-basis:66.66%\">\n<p><\/p>\n\n\n\n<p>L&rsquo;association de l&rsquo;Union Musicale de Salbris, ne pourrait continuer son activit\u00e9 sans le soutien financier et logistique de la commune de Salbris.<\/p>\n<\/div>\n\n\n\n<div class=\"wp-block-column is-layout-flow wp-block-column-is-layout-flow\" style=\"flex-basis:33.33%\">\n<figure class=\"wp-block-image size-large is-resized\"><img decoding=\"async\" src=\"https:\/\/salbris.fr\/wp-content\/uploads\/2021\/01\/Logo-Blason-Salbris-840x1024.png.webp\" alt=\"\" style=\"width:117px;height:auto\"\/><\/figure>\n<\/div>\n<\/div>\n\n\n\n<div style=\"height:39px\" aria-hidden=\"true\" class=\"wp-block-spacer\"><\/div>\n\n\n\n<div class=\"wp-block-columns is-layout-flex wp-container-core-columns-is-layout-9d6595d7 wp-block-columns-is-layout-flex\">\n<div class=\"wp-block-column is-layout-flow wp-block-column-is-layout-flow\" style=\"flex-basis:66.66%\">\n<p>De m\u00eame de nombreux projets (OAE, concerts, etc.) n&rsquo;auraient jamais \u00e9t\u00e9 mis en place sans le soutien du d\u00e9partement du Loir et Cher.<\/p>\n<\/div>\n\n\n\n<div class=\"wp-block-column is-layout-flow wp-block-column-is-layout-flow\" style=\"flex-basis:33.33%\">\n<figure class=\"wp-block-image size-large is-resized\"><img decoding=\"async\" src=\"https:\/\/www.departement41.fr\/app\/uploads\/2025\/08\/LOGO-CD-41-carre-quadri-150x150.png\" alt=\"\" style=\"width:117px;height:auto\"\/><\/figure>\n<\/div>\n<\/div>\n\n\n\n<p><\/p>\n\n\n\n<p><\/p>\n\n\n\n<p>Vous pouvez cependant vous aussi contribuer et nous aider \u00e0 poursuivre nos missions. <\/p>\n\n\n\n<p>Le meilleur soutien que vous puissiez nous apporter est d&rsquo;adh\u00e9rer et de venir apprendre la musique dans notre \u00e9cole ! Vous progresserez \u00e0 votre rythme, participerez \u00e0 des concerts et autres \u00e9v\u00e8nements. Chacun s&rsquo;\u00e9panouit en musique ! Plus vous serez nombreux \u00e0 nous rejoindre, plus nous pourrons organiser des \u00e9v\u00e8nements culturels et musicaux et contribuer toujours plus aux projets culturels de Salbris et des communes voisines; n&rsquo;h\u00e9sitez pas \u00e0 vous inscrire ! (vous pouvez demander plus de pr\u00e9cisions via ce <a href=\"https:\/\/union-musicale-salbris.fr\/index.php\/nous-contacter\/\">formulaire sur note site<\/a>)<\/p>\n\n\n\n<p>Vous pouvez aussi simplement apporter un soutien financier en effectuant un don. Nous mettons pour cela \u00e0 disposition une page sur le site helloasso qui facilite le traitement et le suivi des dons. Vous pourrez trouver plus d&rsquo;informations sur note page <a href=\"https:\/\/www.helloasso.com\/associations\/union-musicale-de-salbris\">helloasso<\/a> ou directement sur la <a href=\"https:\/\/www.helloasso.com\/associations\/union-musicale-de-salbris\/formulaires\/1\">page de don<\/a><\/p>\n\n\n\n<p>Si vous \u00eates une entreprise et que vous souhaitez nous soutenir via un m\u00e9c\u00e9nat ou un partenariat, nous vous invitons \u00e0 nous contacter via le <a href=\"https:\/\/union-musicale-salbris.fr\/index.php\/nous-contacter\/\">formulaire sur note site<\/a><\/p>\n\n\n\n<p>N&rsquo;h\u00e9sitez pas non plus \u00e0 nous suivre sur les diff\u00e9rents r\u00e9seaux sociaux <a href=\"https:\/\/www.facebook.com\/unionmusicale.salbris\/\">Facebook<\/a>, <a href=\"https:\/\/www.instagram.com\/union_musicale_de_salbris\/\">Instagram<\/a>. Partager nos nouvelles, \u00e9v\u00e8nements et concerts nous apporte aussi un soutien de diffusion de l&rsquo;information; indispensable de nos jours. <\/p>\n\n\n\n<p>Nous vous remercions par avance de votre soutien !<\/p>\n","protected":false},"excerpt":{"rendered":"<p>L&rsquo;association de l&rsquo;Union Musicale de Salbris, ne pourrait continuer son activit\u00e9 sans le soutien financier et logistique de la commune<span class=\"more-dots\">&#8230;<\/span><\/p>\n","protected":false},"author":1,"featured_media":0,"parent":0,"menu_order":0,"comment_status":"closed","ping_status":"closed","template":"","meta":{"footnotes":""},"class_list":["post-111","page","type-page","status-publish","hentry","no-post-thumbnail"],"yoast_head":"<!-- This site is optimized with the Yoast SEO plugin v26.5 - https:\/\/yoast.com\/wordpress\/plugins\/seo\/ -->\n<title>Nous soutenir - Union Musicale de Salbris<\/title>\n<meta name=\"robots\" content=\"index, follow, max-snippet:-1, max-image-preview:large, max-video-preview:-1\" \/>\n<link rel=\"canonical\" href=\"https:\/\/union-musicale-salbris.fr\/index.php\/nous-soutenir\/\" \/>\n<meta property=\"og:locale\" content=\"fr_FR\" \/>\n<meta property=\"og:type\" content=\"article\" \/>\n<meta property=\"og:title\" content=\"Nous soutenir - Union Musicale de Salbris\" \/>\n<meta property=\"og:description\" content=\"L&rsquo;association de l&rsquo;Union Musicale de Salbris, ne pourrait continuer son activit\u00e9 sans le soutien financier et logistique de la commune...\" \/>\n<meta property=\"og:url\" content=\"https:\/\/union-musicale-salbris.fr\/index.php\/nous-soutenir\/\" \/>\n<meta property=\"og:site_name\" content=\"Union Musicale de Salbris\" \/>\n<meta property=\"article:publisher\" content=\"https:\/\/www.facebook.com\/unionmusicale.salbris\/\" \/>\n<meta property=\"article:modified_time\" content=\"2025-10-23T12:47:50+00:00\" \/>\n<meta property=\"og:image\" content=\"https:\/\/salbris.fr\/wp-content\/uploads\/2021\/01\/Logo-Blason-Salbris-840x1024.png.webp\" \/>\n<meta name=\"twitter:card\" content=\"summary_large_image\" \/>\n<meta name=\"twitter:label1\" content=\"Dur\u00e9e de lecture estim\u00e9e\" \/>\n\t<meta name=\"twitter:data1\" content=\"2 minutes\" \/>\n<script type=\"application\/ld+json\" class=\"yoast-schema-graph\">{\"@context\":\"https:\/\/schema.org\",\"@graph\":[{\"@type\":\"WebPage\",\"@id\":\"https:\/\/union-musicale-salbris.fr\/index.php\/nous-soutenir\/\",\"url\":\"https:\/\/union-musicale-salbris.fr\/index.php\/nous-soutenir\/\",\"name\":\"Nous soutenir - Union Musicale de Salbris\",\"isPartOf\":{\"@id\":\"https:\/\/union-musicale-salbris.fr\/#website\"},\"primaryImageOfPage\":{\"@id\":\"https:\/\/union-musicale-salbris.fr\/index.php\/nous-soutenir\/#primaryimage\"},\"image\":{\"@id\":\"https:\/\/union-musicale-salbris.fr\/index.php\/nous-soutenir\/#primaryimage\"},\"thumbnailUrl\":\"https:\/\/salbris.fr\/wp-content\/uploads\/2021\/01\/Logo-Blason-Salbris-840x1024.png.webp\",\"datePublished\":\"2024-03-18T21:00:01+00:00\",\"dateModified\":\"2025-10-23T12:47:50+00:00\",\"breadcrumb\":{\"@id\":\"https:\/\/union-musicale-salbris.fr\/index.php\/nous-soutenir\/#breadcrumb\"},\"inLanguage\":\"fr-FR\",\"potentialAction\":[{\"@type\":\"ReadAction\",\"target\":[\"https:\/\/union-musicale-salbris.fr\/index.php\/nous-soutenir\/\"]}]},{\"@type\":\"ImageObject\",\"inLanguage\":\"fr-FR\",\"@id\":\"https:\/\/union-musicale-salbris.fr\/index.php\/nous-soutenir\/#primaryimage\",\"url\":\"https:\/\/salbris.fr\/wp-content\/uploads\/2021\/01\/Logo-Blason-Salbris-840x1024.png.webp\",\"contentUrl\":\"https:\/\/salbris.fr\/wp-content\/uploads\/2021\/01\/Logo-Blason-Salbris-840x1024.png.webp\"},{\"@type\":\"BreadcrumbList\",\"@id\":\"https:\/\/union-musicale-salbris.fr\/index.php\/nous-soutenir\/#breadcrumb\",\"itemListElement\":[{\"@type\":\"ListItem\",\"position\":1,\"name\":\"Accueil\",\"item\":\"https:\/\/union-musicale-salbris.fr\/\"},{\"@type\":\"ListItem\",\"position\":2,\"name\":\"Nous soutenir\"}]},{\"@type\":\"WebSite\",\"@id\":\"https:\/\/union-musicale-salbris.fr\/#website\",\"url\":\"https:\/\/union-musicale-salbris.fr\/\",\"name\":\"Union Musicale de Salbris\",\"description\":\"Vivez la musique !\",\"publisher\":{\"@id\":\"https:\/\/union-musicale-salbris.fr\/#organization\"},\"potentialAction\":[{\"@type\":\"SearchAction\",\"target\":{\"@type\":\"EntryPoint\",\"urlTemplate\":\"https:\/\/union-musicale-salbris.fr\/?s={search_term_string}\"},\"query-input\":{\"@type\":\"PropertyValueSpecification\",\"valueRequired\":true,\"valueName\":\"search_term_string\"}}],\"inLanguage\":\"fr-FR\"},{\"@type\":\"Organization\",\"@id\":\"https:\/\/union-musicale-salbris.fr\/#organization\",\"name\":\"Union Musicale de Salbris\",\"url\":\"https:\/\/union-musicale-salbris.fr\/\",\"logo\":{\"@type\":\"ImageObject\",\"inLanguage\":\"fr-FR\",\"@id\":\"https:\/\/union-musicale-salbris.fr\/#\/schema\/logo\/image\/\",\"url\":\"https:\/\/union-musicale-salbris.fr\/wp-content\/uploads\/2024\/03\/UMS_logo_qualite.jpg\",\"contentUrl\":\"https:\/\/union-musicale-salbris.fr\/wp-content\/uploads\/2024\/03\/UMS_logo_qualite.jpg\",\"width\":737,\"height\":403,\"caption\":\"Union Musicale de Salbris\"},\"image\":{\"@id\":\"https:\/\/union-musicale-salbris.fr\/#\/schema\/logo\/image\/\"},\"sameAs\":[\"https:\/\/www.facebook.com\/unionmusicale.salbris\/\",\"https:\/\/www.instagram.com\/union_musicale_de_salbris\"]}]}<\/script>\n<!-- \/ Yoast SEO plugin. -->","yoast_head_json":{"title":"Nous soutenir - Union Musicale de Salbris","robots":{"index":"index","follow":"follow","max-snippet":"max-snippet:-1","max-image-preview":"max-image-preview:large","max-video-preview":"max-video-preview:-1"},"canonical":"https:\/\/union-musicale-salbris.fr\/index.php\/nous-soutenir\/","og_locale":"fr_FR","og_type":"article","og_title":"Nous soutenir - Union Musicale de Salbris","og_description":"L&rsquo;association de l&rsquo;Union Musicale de Salbris, ne pourrait continuer son activit\u00e9 sans le soutien financier et logistique de la commune...","og_url":"https:\/\/union-musicale-salbris.fr\/index.php\/nous-soutenir\/","og_site_name":"Union Musicale de Salbris","article_publisher":"https:\/\/www.facebook.com\/unionmusicale.salbris\/","article_modified_time":"2025-10-23T12:47:50+00:00","og_image":[{"url":"https:\/\/salbris.fr\/wp-content\/uploads\/2021\/01\/Logo-Blason-Salbris-840x1024.png.webp","type":"","width":"","height":""}],"twitter_card":"summary_large_image","twitter_misc":{"Dur\u00e9e de lecture estim\u00e9e":"2 minutes"},"schema":{"@context":"https:\/\/schema.org","@graph":[{"@type":"WebPage","@id":"https:\/\/union-musicale-salbris.fr\/index.php\/nous-soutenir\/","url":"https:\/\/union-musicale-salbris.fr\/index.php\/nous-soutenir\/","name":"Nous soutenir - Union Musicale de Salbris","isPartOf":{"@id":"https:\/\/union-musicale-salbris.fr\/#website"},"primaryImageOfPage":{"@id":"https:\/\/union-musicale-salbris.fr\/index.php\/nous-soutenir\/#primaryimage"},"image":{"@id":"https:\/\/union-musicale-salbris.fr\/index.php\/nous-soutenir\/#primaryimage"},"thumbnailUrl":"https:\/\/salbris.fr\/wp-content\/uploads\/2021\/01\/Logo-Blason-Salbris-840x1024.png.webp","datePublished":"2024-03-18T21:00:01+00:00","dateModified":"2025-10-23T12:47:50+00:00","breadcrumb":{"@id":"https:\/\/union-musicale-salbris.fr\/index.php\/nous-soutenir\/#breadcrumb"},"inLanguage":"fr-FR","potentialAction":[{"@type":"ReadAction","target":["https:\/\/union-musicale-salbris.fr\/index.php\/nous-soutenir\/"]}]},{"@type":"ImageObject","inLanguage":"fr-FR","@id":"https:\/\/union-musicale-salbris.fr\/index.php\/nous-soutenir\/#primaryimage","url":"https:\/\/salbris.fr\/wp-content\/uploads\/2021\/01\/Logo-Blason-Salbris-840x1024.png.webp","contentUrl":"https:\/\/salbris.fr\/wp-content\/uploads\/2021\/01\/Logo-Blason-Salbris-840x1024.png.webp"},{"@type":"BreadcrumbList","@id":"https:\/\/union-musicale-salbris.fr\/index.php\/nous-soutenir\/#breadcrumb","itemListElement":[{"@type":"ListItem","position":1,"name":"Accueil","item":"https:\/\/union-musicale-salbris.fr\/"},{"@type":"ListItem","position":2,"name":"Nous soutenir"}]},{"@type":"WebSite","@id":"https:\/\/union-musicale-salbris.fr\/#website","url":"https:\/\/union-musicale-salbris.fr\/","name":"Union Musicale de Salbris","description":"Vivez la musique !","publisher":{"@id":"https:\/\/union-musicale-salbris.fr\/#organization"},"potentialAction":[{"@type":"SearchAction","target":{"@type":"EntryPoint","urlTemplate":"https:\/\/union-musicale-salbris.fr\/?s={search_term_string}"},"query-input":{"@type":"PropertyValueSpecification","valueRequired":true,"valueName":"search_term_string"}}],"inLanguage":"fr-FR"},{"@type":"Organization","@id":"https:\/\/union-musicale-salbris.fr\/#organization","name":"Union Musicale de Salbris","url":"https:\/\/union-musicale-salbris.fr\/","logo":{"@type":"ImageObject","inLanguage":"fr-FR","@id":"https:\/\/union-musicale-salbris.fr\/#\/schema\/logo\/image\/","url":"https:\/\/union-musicale-salbris.fr\/wp-content\/uploads\/2024\/03\/UMS_logo_qualite.jpg","contentUrl":"https:\/\/union-musicale-salbris.fr\/wp-content\/uploads\/2024\/03\/UMS_logo_qualite.jpg","width":737,"height":403,"caption":"Union Musicale de Salbris"},"image":{"@id":"https:\/\/union-musicale-salbris.fr\/#\/schema\/logo\/image\/"},"sameAs":["https:\/\/www.facebook.com\/unionmusicale.salbris\/","https:\/\/www.instagram.com\/union_musicale_de_salbris"]}]}},"_links":{"self":[{"href":"https:\/\/union-musicale-salbris.fr\/index.php\/wp-json\/wp\/v2\/pages\/111","targetHints":{"allow":["GET"]}}],"collection":[{"href":"https:\/\/union-musicale-salbris.fr\/index.php\/wp-json\/wp\/v2\/pages"}],"about":[{"href":"https:\/\/union-musicale-salbris.fr\/index.php\/wp-json\/wp\/v2\/types\/page"}],"author":[{"embeddable":true,"href":"https:\/\/union-musicale-salbris.fr\/index.php\/wp-json\/wp\/v2\/users\/1"}],"replies":[{"embeddable":true,"href":"https:\/\/union-musicale-salbris.fr\/index.php\/wp-json\/wp\/v2\/comments?post=111"}],"version-history":[{"count":4,"href":"https:\/\/union-musicale-salbris.fr\/index.php\/wp-json\/wp\/v2\/pages\/111\/revisions"}],"predecessor-version":[{"id":298,"href":"https:\/\/union-musicale-salbris.fr\/index.php\/wp-json\/wp\/v2\/pages\/111\/revisions\/298"}],"wp:attachment":[{"href":"https:\/\/union-musicale-salbris.fr\/index.php\/wp-json\/wp\/v2\/media?parent=111"}],"curies":[{"name":"wp","href":"https:\/\/api.w.org\/{rel}","templated":true}]}}

<div class="wp-block-columns is-layout-flex wp-container-core-columns-is-layout-9d6595d7 wp-block-columns-is-layout-flex">
<div class="wp-block-column is-layout-flow wp-block-column-is-layout-flow" style="flex-basis:66.66%">
<p></p>



<p>L&rsquo;association de l&rsquo;Union Musicale de Salbris, ne pourrait continuer son activité sans le soutien financier et logistique de la commune de Salbris.</p>
</div>



<div class="wp-block-column is-layout-flow wp-block-column-is-layout-flow" style="flex-basis:33.33%">
<figure class="wp-block-image size-large is-resized"><img decoding="async" src="https://salbris.fr/wp-content/uploads/2021/01/Logo-Blason-Salbris-840x1024.png.webp" alt="" style="width:117px;height:auto"/></figure>
</div>
</div>



<div style="height:39px" aria-hidden="true" class="wp-block-spacer"></div>



<div class="wp-block-columns is-layout-flex wp-container-core-columns-is-layout-9d6595d7 wp-block-columns-is-layout-flex">
<div class="wp-block-column is-layout-flow wp-block-column-is-layout-flow" style="flex-basis:66.66%">
<p>De même de nombreux projets (OAE, concerts, etc.) n&rsquo;auraient jamais été mis en place sans le soutien du département du Loir et Cher.</p>
</div>



<div class="wp-block-column is-layout-flow wp-block-column-is-layout-flow" style="flex-basis:33.33%">
<figure class="wp-block-image size-large is-resized"><img decoding="async" src="https://www.departement41.fr/app/uploads/2025/08/LOGO-CD-41-carre-quadri-150x150.png" alt="" style="width:117px;height:auto"/></figure>
</div>
</div>



<p></p>



<p></p>



<p>Vous pouvez cependant vous aussi contribuer et nous aider à poursuivre nos missions. </p>



<p>Le meilleur soutien que vous puissiez nous apporter est d&rsquo;adhérer et de venir apprendre la musique dans notre école ! Vous progresserez à votre rythme, participerez à des concerts et autres évènements. Chacun s&rsquo;épanouit en musique ! Plus vous serez nombreux à nous rejoindre, plus nous pourrons organiser des évènements culturels et musicaux et contribuer toujours plus aux projets culturels de Salbris et des communes voisines; n&rsquo;hésitez pas à vous inscrire ! (vous pouvez demander plus de précisions via ce <a href="https://union-musicale-salbris.fr/index.php/nous-contacter/">formulaire sur note site</a>)</p>



<p>Vous pouvez aussi simplement apporter un soutien financier en effectuant un don. Nous mettons pour cela à disposition une page sur le site helloasso qui facilite le traitement et le suivi des dons. Vous pourrez trouver plus d&rsquo;informations sur note page <a href="https://www.helloasso.com/associations/union-musicale-de-salbris">helloasso</a> ou directement sur la <a href="https://www.helloasso.com/associations/union-musicale-de-salbris/formulaires/1">page de don</a></p>



<p>Si vous êtes une entreprise et que vous souhaitez nous soutenir via un mécénat ou un partenariat, nous vous invitons à nous contacter via le <a href="https://union-musicale-salbris.fr/index.php/nous-contacter/">formulaire sur note site</a></p>



<p>N&rsquo;hésitez pas non plus à nous suivre sur les différents réseaux sociaux <a href="https://www.facebook.com/unionmusicale.salbris/">Facebook</a>, <a href="https://www.instagram.com/union_musicale_de_salbris/">Instagram</a>. Partager nos nouvelles, évènements et concerts nous apporte aussi un soutien de diffusion de l&rsquo;information; indispensable de nos jours. </p>



<p>Nous vous remercions par avance de votre soutien !</p>

<p>L&rsquo;association de l&rsquo;Union Musicale de Salbris, ne pourrait continuer son activité sans le soutien financier et logistique de la commune<span class="more-dots">&#8230;</span></p>

<!-- This site is optimized with the Yoast SEO plugin v26.5 - https://yoast.com/wordpress/plugins/seo/ -->
<title>Nous soutenir - Union Musicale de Salbris</title>
<meta name="robots" content="index, follow, max-snippet:-1, max-image-preview:large, max-video-preview:-1" />
<link rel="canonical" href="https://union-musicale-salbris.fr/index.php/nous-soutenir/" />
<meta property="og:locale" content="fr_FR" />
<meta property="og:type" content="article" />
<meta property="og:title" content="Nous soutenir - Union Musicale de Salbris" />
<meta property="og:description" content="L&rsquo;association de l&rsquo;Union Musicale de Salbris, ne pourrait continuer son activité sans le soutien financier et logistique de la commune..." />
<meta property="og:url" content="https://union-musicale-salbris.fr/index.php/nous-soutenir/" />
<meta property="og:site_name" content="Union Musicale de Salbris" />
<meta property="article:publisher" content="https://www.facebook.com/unionmusicale.salbris/" />
<meta property="article:modified_time" content="2025-10-23T12:47:50+00:00" />
<meta property="og:image" content="https://salbris.fr/wp-content/uploads/2021/01/Logo-Blason-Salbris-840x1024.png.webp" />
<meta name="twitter:card" content="summary_large_image" />
<meta name="twitter:label1" content="Durée de lecture estimée" />
	<meta name="twitter:data1" content="2 minutes" />
<script type="application/ld+json" class="yoast-schema-graph">{"@context":"https://schema.org","@graph":[{"@type":"WebPage","@id":"https://union-musicale-salbris.fr/index.php/nous-soutenir/","url":"https://union-musicale-salbris.fr/index.php/nous-soutenir/","name":"Nous soutenir - Union Musicale de Salbris","isPartOf":{"@id":"https://union-musicale-salbris.fr/#website"},"primaryImageOfPage":{"@id":"https://union-musicale-salbris.fr/index.php/nous-soutenir/#primaryimage"},"image":{"@id":"https://union-musicale-salbris.fr/index.php/nous-soutenir/#primaryimage"},"thumbnailUrl":"https://salbris.fr/wp-content/uploads/2021/01/Logo-Blason-Salbris-840x1024.png.webp","datePublished":"2024-03-18T21:00:01+00:00","dateModified":"2025-10-23T12:47:50+00:00","breadcrumb":{"@id":"https://union-musicale-salbris.fr/index.php/nous-soutenir/#breadcrumb"},"inLanguage":"fr-FR","potentialAction":[{"@type":"ReadAction","target":["https://union-musicale-salbris.fr/index.php/nous-soutenir/"]}]},{"@type":"ImageObject","inLanguage":"fr-FR","@id":"https://union-musicale-salbris.fr/index.php/nous-soutenir/#primaryimage","url":"https://salbris.fr/wp-content/uploads/2021/01/Logo-Blason-Salbris-840x1024.png.webp","contentUrl":"https://salbris.fr/wp-content/uploads/2021/01/Logo-Blason-Salbris-840x1024.png.webp"},{"@type":"BreadcrumbList","@id":"https://union-musicale-salbris.fr/index.php/nous-soutenir/#breadcrumb","itemListElement":[{"@type":"ListItem","position":1,"name":"Accueil","item":"https://union-musicale-salbris.fr/"},{"@type":"ListItem","position":2,"name":"Nous soutenir"}]},{"@type":"WebSite","@id":"https://union-musicale-salbris.fr/#website","url":"https://union-musicale-salbris.fr/","name":"Union Musicale de Salbris","description":"Vivez la musique !","publisher":{"@id":"https://union-musicale-salbris.fr/#organization"},"potentialAction":[{"@type":"SearchAction","target":{"@type":"EntryPoint","urlTemplate":"https://union-musicale-salbris.fr/?s={search_term_string}"},"query-input":{"@type":"PropertyValueSpecification","valueRequired":true,"valueName":"search_term_string"}}],"inLanguage":"fr-FR"},{"@type":"Organization","@id":"https://union-musicale-salbris.fr/#organization","name":"Union Musicale de Salbris","url":"https://union-musicale-salbris.fr/","logo":{"@type":"ImageObject","inLanguage":"fr-FR","@id":"https://union-musicale-salbris.fr/#/schema/logo/image/","url":"https://union-musicale-salbris.fr/wp-content/uploads/2024/03/UMS_logo_qualite.jpg","contentUrl":"https://union-musicale-salbris.fr/wp-content/uploads/2024/03/UMS_logo_qualite.jpg","width":737,"height":403,"caption":"Union Musicale de Salbris"},"image":{"@id":"https://union-musicale-salbris.fr/#/schema/logo/image/"},"sameAs":["https://www.facebook.com/unionmusicale.salbris/","https://www.instagram.com/union_musicale_de_salbris"]}]}</script>
<!-- / Yoast SEO plugin. -->

L&rsquo;association de l&rsquo;Union Musicale de Salbris, ne pourrait continuer son activité sans le soutien financier et logistique de la commune...
