{"id":205,"date":"2024-08-20T22:52:28","date_gmt":"2024-08-20T20:52:28","guid":{"rendered":"https:\/\/union-musicale-salbris.fr\/?page_id=205"},"modified":"2025-08-06T21:21:25","modified_gmt":"2025-08-06T19:21:25","slug":"tarifs-et-inscription","status":"publish","type":"page","link":"https:\/\/union-musicale-salbris.fr\/index.php\/tarifs-et-inscription\/","title":{"rendered":"Tarifs et inscriptions"},"content":{"rendered":"\n<p>Vous trouverez ci-dessous la grille tarifaire ainsi que la fiche d&rsquo;inscription de l&rsquo;Union Musicale de Salbris pour la <strong>saison 2025\/2026<\/strong>.<br>Les inscriptions et les paiements ont lieu au d\u00e9but du mois de septembre, les places sont limit\u00e9es. <br>Pour toutes questions, n&rsquo;h\u00e9sitez pas \u00e0 nous contacter par mail (indiquer sur le bulletin d&rsquo;inscription) ou via le formulaire de <a href=\"https:\/\/union-musicale-salbris.fr\/index.php\/nous-contacter\/\">contact du site<\/a><\/p>\n\n\n\n<div data-wp-interactive=\"core\/file\" class=\"wp-block-file\"><object data-wp-bind--hidden=\"!state.hasPdfPreview\" hidden class=\"wp-block-file__embed\" data=\"https:\/\/union-musicale-salbris.fr\/wp-content\/uploads\/2025\/08\/UMS_2025-fiche-inscription.docx.pdf\" type=\"application\/pdf\" style=\"width:100%;height:600px\" aria-label=\"Contenu embarqu\u00e9 UMS_2025-fiche-inscription.docx.\"><\/object><a id=\"wp-block-file--media-b866cc59-a449-4ae9-92aa-287b35bc019f\" href=\"https:\/\/union-musicale-salbris.fr\/wp-content\/uploads\/2025\/08\/UMS_2025-fiche-inscription.docx.pdf\">UMS_2025-fiche-inscription.docx<\/a><a href=\"https:\/\/union-musicale-salbris.fr\/wp-content\/uploads\/2025\/08\/UMS_2025-fiche-inscription.docx.pdf\" class=\"wp-block-file__button wp-element-button\" download aria-describedby=\"wp-block-file--media-b866cc59-a449-4ae9-92aa-287b35bc019f\">T\u00e9l\u00e9charger<\/a><\/div>\n\n\n\n<div style=\"height:20px\" aria-hidden=\"true\" class=\"wp-block-spacer\"><\/div>\n\n\n\n<div class=\"wp-block-file\"><a id=\"wp-block-file--media-92afda38-223d-4452-9d80-e296e92e751c\" href=\"https:\/\/union-musicale-salbris.fr\/wp-content\/uploads\/2025\/08\/UMS_2025-fiche-inscription.docx\">UMS_2025-fiche-inscription<\/a><a href=\"https:\/\/union-musicale-salbris.fr\/wp-content\/uploads\/2025\/08\/UMS_2025-fiche-inscription.docx\" class=\"wp-block-file__button wp-element-button\" download aria-describedby=\"wp-block-file--media-92afda38-223d-4452-9d80-e296e92e751c\">T\u00e9l\u00e9charger<\/a><\/div>\n\n\n\n<p><\/p>\n","protected":false},"excerpt":{"rendered":"<p>Vous trouverez ci-dessous la grille tarifaire ainsi que la fiche d&rsquo;inscription de l&rsquo;Union Musicale de Salbris pour la saison 2025\/2026.Les<span class=\"more-dots\">&#8230;<\/span><\/p>\n","protected":false},"author":1,"featured_media":0,"parent":0,"menu_order":0,"comment_status":"closed","ping_status":"closed","template":"","meta":{"footnotes":""},"class_list":["post-205","page","type-page","status-publish","hentry","no-post-thumbnail"],"yoast_head":"<!-- This site is optimized with the Yoast SEO plugin v26.5 - https:\/\/yoast.com\/wordpress\/plugins\/seo\/ -->\n<title>Tarifs et inscriptions - Union Musicale de Salbris<\/title>\n<meta name=\"robots\" content=\"index, follow, max-snippet:-1, max-image-preview:large, max-video-preview:-1\" \/>\n<link rel=\"canonical\" href=\"https:\/\/union-musicale-salbris.fr\/index.php\/tarifs-et-inscription\/\" \/>\n<meta property=\"og:locale\" content=\"fr_FR\" \/>\n<meta property=\"og:type\" content=\"article\" \/>\n<meta property=\"og:title\" content=\"Tarifs et inscriptions - Union Musicale de Salbris\" \/>\n<meta property=\"og:description\" content=\"Vous trouverez ci-dessous la grille tarifaire ainsi que la fiche d&rsquo;inscription de l&rsquo;Union Musicale de Salbris pour la saison 2025\/2026.Les...\" \/>\n<meta property=\"og:url\" content=\"https:\/\/union-musicale-salbris.fr\/index.php\/tarifs-et-inscription\/\" \/>\n<meta property=\"og:site_name\" content=\"Union Musicale de Salbris\" \/>\n<meta property=\"article:publisher\" content=\"https:\/\/www.facebook.com\/unionmusicale.salbris\/\" \/>\n<meta property=\"article:modified_time\" content=\"2025-08-06T19:21:25+00:00\" \/>\n<meta name=\"twitter:card\" content=\"summary_large_image\" \/>\n<meta name=\"twitter:label1\" content=\"Dur\u00e9e de lecture estim\u00e9e\" \/>\n\t<meta name=\"twitter:data1\" content=\"1 minute\" \/>\n<script type=\"application\/ld+json\" class=\"yoast-schema-graph\">{\"@context\":\"https:\/\/schema.org\",\"@graph\":[{\"@type\":\"WebPage\",\"@id\":\"https:\/\/union-musicale-salbris.fr\/index.php\/tarifs-et-inscription\/\",\"url\":\"https:\/\/union-musicale-salbris.fr\/index.php\/tarifs-et-inscription\/\",\"name\":\"Tarifs et inscriptions - Union Musicale de Salbris\",\"isPartOf\":{\"@id\":\"https:\/\/union-musicale-salbris.fr\/#website\"},\"datePublished\":\"2024-08-20T20:52:28+00:00\",\"dateModified\":\"2025-08-06T19:21:25+00:00\",\"breadcrumb\":{\"@id\":\"https:\/\/union-musicale-salbris.fr\/index.php\/tarifs-et-inscription\/#breadcrumb\"},\"inLanguage\":\"fr-FR\",\"potentialAction\":[{\"@type\":\"ReadAction\",\"target\":[\"https:\/\/union-musicale-salbris.fr\/index.php\/tarifs-et-inscription\/\"]}]},{\"@type\":\"BreadcrumbList\",\"@id\":\"https:\/\/union-musicale-salbris.fr\/index.php\/tarifs-et-inscription\/#breadcrumb\",\"itemListElement\":[{\"@type\":\"ListItem\",\"position\":1,\"name\":\"Accueil\",\"item\":\"https:\/\/union-musicale-salbris.fr\/\"},{\"@type\":\"ListItem\",\"position\":2,\"name\":\"Tarifs et inscriptions\"}]},{\"@type\":\"WebSite\",\"@id\":\"https:\/\/union-musicale-salbris.fr\/#website\",\"url\":\"https:\/\/union-musicale-salbris.fr\/\",\"name\":\"Union Musicale de Salbris\",\"description\":\"Vivez la musique !\",\"publisher\":{\"@id\":\"https:\/\/union-musicale-salbris.fr\/#organization\"},\"potentialAction\":[{\"@type\":\"SearchAction\",\"target\":{\"@type\":\"EntryPoint\",\"urlTemplate\":\"https:\/\/union-musicale-salbris.fr\/?s={search_term_string}\"},\"query-input\":{\"@type\":\"PropertyValueSpecification\",\"valueRequired\":true,\"valueName\":\"search_term_string\"}}],\"inLanguage\":\"fr-FR\"},{\"@type\":\"Organization\",\"@id\":\"https:\/\/union-musicale-salbris.fr\/#organization\",\"name\":\"Union Musicale de Salbris\",\"url\":\"https:\/\/union-musicale-salbris.fr\/\",\"logo\":{\"@type\":\"ImageObject\",\"inLanguage\":\"fr-FR\",\"@id\":\"https:\/\/union-musicale-salbris.fr\/#\/schema\/logo\/image\/\",\"url\":\"https:\/\/union-musicale-salbris.fr\/wp-content\/uploads\/2024\/03\/UMS_logo_qualite.jpg\",\"contentUrl\":\"https:\/\/union-musicale-salbris.fr\/wp-content\/uploads\/2024\/03\/UMS_logo_qualite.jpg\",\"width\":737,\"height\":403,\"caption\":\"Union Musicale de Salbris\"},\"image\":{\"@id\":\"https:\/\/union-musicale-salbris.fr\/#\/schema\/logo\/image\/\"},\"sameAs\":[\"https:\/\/www.facebook.com\/unionmusicale.salbris\/\",\"https:\/\/www.instagram.com\/union_musicale_de_salbris\"]}]}<\/script>\n<!-- \/ Yoast SEO plugin. -->","yoast_head_json":{"title":"Tarifs et inscriptions - Union Musicale de Salbris","robots":{"index":"index","follow":"follow","max-snippet":"max-snippet:-1","max-image-preview":"max-image-preview:large","max-video-preview":"max-video-preview:-1"},"canonical":"https:\/\/union-musicale-salbris.fr\/index.php\/tarifs-et-inscription\/","og_locale":"fr_FR","og_type":"article","og_title":"Tarifs et inscriptions - Union Musicale de Salbris","og_description":"Vous trouverez ci-dessous la grille tarifaire ainsi que la fiche d&rsquo;inscription de l&rsquo;Union Musicale de Salbris pour la saison 2025\/2026.Les...","og_url":"https:\/\/union-musicale-salbris.fr\/index.php\/tarifs-et-inscription\/","og_site_name":"Union Musicale de Salbris","article_publisher":"https:\/\/www.facebook.com\/unionmusicale.salbris\/","article_modified_time":"2025-08-06T19:21:25+00:00","twitter_card":"summary_large_image","twitter_misc":{"Dur\u00e9e de lecture estim\u00e9e":"1 minute"},"schema":{"@context":"https:\/\/schema.org","@graph":[{"@type":"WebPage","@id":"https:\/\/union-musicale-salbris.fr\/index.php\/tarifs-et-inscription\/","url":"https:\/\/union-musicale-salbris.fr\/index.php\/tarifs-et-inscription\/","name":"Tarifs et inscriptions - Union Musicale de Salbris","isPartOf":{"@id":"https:\/\/union-musicale-salbris.fr\/#website"},"datePublished":"2024-08-20T20:52:28+00:00","dateModified":"2025-08-06T19:21:25+00:00","breadcrumb":{"@id":"https:\/\/union-musicale-salbris.fr\/index.php\/tarifs-et-inscription\/#breadcrumb"},"inLanguage":"fr-FR","potentialAction":[{"@type":"ReadAction","target":["https:\/\/union-musicale-salbris.fr\/index.php\/tarifs-et-inscription\/"]}]},{"@type":"BreadcrumbList","@id":"https:\/\/union-musicale-salbris.fr\/index.php\/tarifs-et-inscription\/#breadcrumb","itemListElement":[{"@type":"ListItem","position":1,"name":"Accueil","item":"https:\/\/union-musicale-salbris.fr\/"},{"@type":"ListItem","position":2,"name":"Tarifs et inscriptions"}]},{"@type":"WebSite","@id":"https:\/\/union-musicale-salbris.fr\/#website","url":"https:\/\/union-musicale-salbris.fr\/","name":"Union Musicale de Salbris","description":"Vivez la musique !","publisher":{"@id":"https:\/\/union-musicale-salbris.fr\/#organization"},"potentialAction":[{"@type":"SearchAction","target":{"@type":"EntryPoint","urlTemplate":"https:\/\/union-musicale-salbris.fr\/?s={search_term_string}"},"query-input":{"@type":"PropertyValueSpecification","valueRequired":true,"valueName":"search_term_string"}}],"inLanguage":"fr-FR"},{"@type":"Organization","@id":"https:\/\/union-musicale-salbris.fr\/#organization","name":"Union Musicale de Salbris","url":"https:\/\/union-musicale-salbris.fr\/","logo":{"@type":"ImageObject","inLanguage":"fr-FR","@id":"https:\/\/union-musicale-salbris.fr\/#\/schema\/logo\/image\/","url":"https:\/\/union-musicale-salbris.fr\/wp-content\/uploads\/2024\/03\/UMS_logo_qualite.jpg","contentUrl":"https:\/\/union-musicale-salbris.fr\/wp-content\/uploads\/2024\/03\/UMS_logo_qualite.jpg","width":737,"height":403,"caption":"Union Musicale de Salbris"},"image":{"@id":"https:\/\/union-musicale-salbris.fr\/#\/schema\/logo\/image\/"},"sameAs":["https:\/\/www.facebook.com\/unionmusicale.salbris\/","https:\/\/www.instagram.com\/union_musicale_de_salbris"]}]}},"_links":{"self":[{"href":"https:\/\/union-musicale-salbris.fr\/index.php\/wp-json\/wp\/v2\/pages\/205","targetHints":{"allow":["GET"]}}],"collection":[{"href":"https:\/\/union-musicale-salbris.fr\/index.php\/wp-json\/wp\/v2\/pages"}],"about":[{"href":"https:\/\/union-musicale-salbris.fr\/index.php\/wp-json\/wp\/v2\/types\/page"}],"author":[{"embeddable":true,"href":"https:\/\/union-musicale-salbris.fr\/index.php\/wp-json\/wp\/v2\/users\/1"}],"replies":[{"embeddable":true,"href":"https:\/\/union-musicale-salbris.fr\/index.php\/wp-json\/wp\/v2\/comments?post=205"}],"version-history":[{"count":7,"href":"https:\/\/union-musicale-salbris.fr\/index.php\/wp-json\/wp\/v2\/pages\/205\/revisions"}],"predecessor-version":[{"id":267,"href":"https:\/\/union-musicale-salbris.fr\/index.php\/wp-json\/wp\/v2\/pages\/205\/revisions\/267"}],"wp:attachment":[{"href":"https:\/\/union-musicale-salbris.fr\/index.php\/wp-json\/wp\/v2\/media?parent=205"}],"curies":[{"name":"wp","href":"https:\/\/api.w.org\/{rel}","templated":true}]}}

<p>Vous trouverez ci-dessous la grille tarifaire ainsi que la fiche d&rsquo;inscription de l&rsquo;Union Musicale de Salbris pour la <strong>saison 2025/2026</strong>.<br>Les inscriptions et les paiements ont lieu au début du mois de septembre, les places sont limitées. <br>Pour toutes questions, n&rsquo;hésitez pas à nous contacter par mail (indiquer sur le bulletin d&rsquo;inscription) ou via le formulaire de <a href="https://union-musicale-salbris.fr/index.php/nous-contacter/">contact du site</a></p>



<div data-wp-interactive="core/file" class="wp-block-file"><object data-wp-bind--hidden="!state.hasPdfPreview" hidden class="wp-block-file__embed" data="https://union-musicale-salbris.fr/wp-content/uploads/2025/08/UMS_2025-fiche-inscription.docx.pdf" type="application/pdf" style="width:100%;height:600px" aria-label="Contenu embarqué UMS_2025-fiche-inscription.docx."></object><a id="wp-block-file--media-b866cc59-a449-4ae9-92aa-287b35bc019f" href="https://union-musicale-salbris.fr/wp-content/uploads/2025/08/UMS_2025-fiche-inscription.docx.pdf">UMS_2025-fiche-inscription.docx</a><a href="https://union-musicale-salbris.fr/wp-content/uploads/2025/08/UMS_2025-fiche-inscription.docx.pdf" class="wp-block-file__button wp-element-button" download aria-describedby="wp-block-file--media-b866cc59-a449-4ae9-92aa-287b35bc019f">Télécharger</a></div>



<div style="height:20px" aria-hidden="true" class="wp-block-spacer"></div>



<div class="wp-block-file"><a id="wp-block-file--media-92afda38-223d-4452-9d80-e296e92e751c" href="https://union-musicale-salbris.fr/wp-content/uploads/2025/08/UMS_2025-fiche-inscription.docx">UMS_2025-fiche-inscription</a><a href="https://union-musicale-salbris.fr/wp-content/uploads/2025/08/UMS_2025-fiche-inscription.docx" class="wp-block-file__button wp-element-button" download aria-describedby="wp-block-file--media-92afda38-223d-4452-9d80-e296e92e751c">Télécharger</a></div>



<p></p>

<!-- This site is optimized with the Yoast SEO plugin v26.5 - https://yoast.com/wordpress/plugins/seo/ -->
<title>Tarifs et inscriptions - Union Musicale de Salbris</title>
<meta name="robots" content="index, follow, max-snippet:-1, max-image-preview:large, max-video-preview:-1" />
<link rel="canonical" href="https://union-musicale-salbris.fr/index.php/tarifs-et-inscription/" />
<meta property="og:locale" content="fr_FR" />
<meta property="og:type" content="article" />
<meta property="og:title" content="Tarifs et inscriptions - Union Musicale de Salbris" />
<meta property="og:description" content="Vous trouverez ci-dessous la grille tarifaire ainsi que la fiche d&rsquo;inscription de l&rsquo;Union Musicale de Salbris pour la saison 2025/2026.Les..." />
<meta property="og:url" content="https://union-musicale-salbris.fr/index.php/tarifs-et-inscription/" />
<meta property="og:site_name" content="Union Musicale de Salbris" />
<meta property="article:publisher" content="https://www.facebook.com/unionmusicale.salbris/" />
<meta property="article:modified_time" content="2025-08-06T19:21:25+00:00" />
<meta name="twitter:card" content="summary_large_image" />
<meta name="twitter:label1" content="Durée de lecture estimée" />
	<meta name="twitter:data1" content="1 minute" />
<script type="application/ld+json" class="yoast-schema-graph">{"@context":"https://schema.org","@graph":[{"@type":"WebPage","@id":"https://union-musicale-salbris.fr/index.php/tarifs-et-inscription/","url":"https://union-musicale-salbris.fr/index.php/tarifs-et-inscription/","name":"Tarifs et inscriptions - Union Musicale de Salbris","isPartOf":{"@id":"https://union-musicale-salbris.fr/#website"},"datePublished":"2024-08-20T20:52:28+00:00","dateModified":"2025-08-06T19:21:25+00:00","breadcrumb":{"@id":"https://union-musicale-salbris.fr/index.php/tarifs-et-inscription/#breadcrumb"},"inLanguage":"fr-FR","potentialAction":[{"@type":"ReadAction","target":["https://union-musicale-salbris.fr/index.php/tarifs-et-inscription/"]}]},{"@type":"BreadcrumbList","@id":"https://union-musicale-salbris.fr/index.php/tarifs-et-inscription/#breadcrumb","itemListElement":[{"@type":"ListItem","position":1,"name":"Accueil","item":"https://union-musicale-salbris.fr/"},{"@type":"ListItem","position":2,"name":"Tarifs et inscriptions"}]},{"@type":"WebSite","@id":"https://union-musicale-salbris.fr/#website","url":"https://union-musicale-salbris.fr/","name":"Union Musicale de Salbris","description":"Vivez la musique !","publisher":{"@id":"https://union-musicale-salbris.fr/#organization"},"potentialAction":[{"@type":"SearchAction","target":{"@type":"EntryPoint","urlTemplate":"https://union-musicale-salbris.fr/?s={search_term_string}"},"query-input":{"@type":"PropertyValueSpecification","valueRequired":true,"valueName":"search_term_string"}}],"inLanguage":"fr-FR"},{"@type":"Organization","@id":"https://union-musicale-salbris.fr/#organization","name":"Union Musicale de Salbris","url":"https://union-musicale-salbris.fr/","logo":{"@type":"ImageObject","inLanguage":"fr-FR","@id":"https://union-musicale-salbris.fr/#/schema/logo/image/","url":"https://union-musicale-salbris.fr/wp-content/uploads/2024/03/UMS_logo_qualite.jpg","contentUrl":"https://union-musicale-salbris.fr/wp-content/uploads/2024/03/UMS_logo_qualite.jpg","width":737,"height":403,"caption":"Union Musicale de Salbris"},"image":{"@id":"https://union-musicale-salbris.fr/#/schema/logo/image/"},"sameAs":["https://www.facebook.com/unionmusicale.salbris/","https://www.instagram.com/union_musicale_de_salbris"]}]}</script>
<!-- / Yoast SEO plugin. -->
