{"id":3,"date":"2024-02-19T19:07:34","date_gmt":"2024-02-19T18:07:34","guid":{"rendered":"http:\/\/union-musicale-salbris.fr\/?page_id=3"},"modified":"2024-04-03T09:40:16","modified_gmt":"2024-04-03T07:40:16","slug":"politique-de-confidentialite","status":"publish","type":"page","link":"https:\/\/union-musicale-salbris.fr\/index.php\/politique-de-confidentialite\/","title":{"rendered":"Mentions l\u00e9gales"},"content":{"rendered":"\n<h2 class=\"wp-block-heading\">Notre site internet<\/h2>\n\n\n\n<p>Ce site est le site internet de l&rsquo;Union Musicale de Salbris (UMS), association loi 1901. L\u2019adresse de notre site est&nbsp;: https:\/\/union-musicale-salbris.fr <\/p>\n\n\n\n<p>Ce site est h\u00e9berg\u00e9 chez OVH (https:\/\/www.ovhcloud.com\/fr\/).<\/p>\n\n\n\n<h2 class=\"wp-block-heading\">Cookies<\/h2>\n\n\n\n<p>Si vous vous rendez sur la page de connexion, un cookie temporaire sera cr\u00e9\u00e9 afin de d\u00e9terminer si votre navigateur accepte les cookies. Il ne contient pas de donn\u00e9es personnelles et sera supprim\u00e9 automatiquement \u00e0 la fermeture de votre navigateur.<\/p>\n\n\n\n<p>Lorsque vous vous connecterez, nous mettrons en place un certain nombre de cookies pour enregistrer vos informations de connexion et vos pr\u00e9f\u00e9rences d\u2019\u00e9cran. La dur\u00e9e de vie d\u2019un cookie de connexion est de deux jours, celle d\u2019un cookie d\u2019option d\u2019\u00e9cran est d\u2019un an. Si vous cochez \u00ab&nbsp;Se souvenir de moi&nbsp;\u00bb, votre cookie de connexion sera conserv\u00e9 pendant deux semaines. Si vous vous d\u00e9connectez de votre compte, le cookie de connexion sera effac\u00e9.<\/p>\n\n\n\n<p>En modifiant ou en publiant une publication, un cookie suppl\u00e9mentaire sera enregistr\u00e9 dans votre navigateur. Ce cookie ne comprend aucune donn\u00e9e personnelle. Il indique simplement l\u2019ID de la publication que vous venez de modifier. Il expire au bout d\u2019un jour.<\/p>\n\n\n\n<h2 class=\"wp-block-heading\">Contenu embarqu\u00e9 depuis d\u2019autres sites<\/h2>\n\n\n\n<p>Les articles de ce site peuvent inclure des contenus int\u00e9gr\u00e9s (par exemple des vid\u00e9os, images, articles\u2026). Le contenu int\u00e9gr\u00e9 depuis d\u2019autres sites se comporte de la m\u00eame mani\u00e8re que si le visiteur se rendait sur cet autre site.<\/p>\n\n\n\n<p>Ces sites web pourraient collecter des donn\u00e9es sur vous, utiliser des cookies, embarquer des outils de suivis tiers, suivre vos interactions avec ces contenus embarqu\u00e9s si vous disposez d\u2019un compte connect\u00e9 sur leur site web.<\/p>\n\n\n\n<h2 class=\"wp-block-heading\">Utilisation et transmission de vos donn\u00e9es personnelles<\/h2>\n\n\n\n<p>Si vous demandez une r\u00e9initialisation de votre mot de passe, votre adresse IP sera incluse dans l\u2019e-mail de r\u00e9initialisation.<\/p>\n\n\n\n<h2 class=\"wp-block-heading\">Dur\u00e9es de stockage de vos donn\u00e9es<\/h2>\n\n\n\n<p>Pour les comptes qui s\u2019inscrivent sur notre site (le cas \u00e9ch\u00e9ant), nous stockons \u00e9galement les donn\u00e9es personnelles indiqu\u00e9es dans leur profil. Tous les comptes peuvent voir, modifier ou supprimer leurs informations personnelles \u00e0 tout moment (\u00e0 l\u2019exception de leur identifiant). Les gestionnaires du site peuvent aussi voir et modifier ces informations.<\/p>\n\n\n\n<h2 class=\"wp-block-heading\">Les droits que vous avez sur vos donn\u00e9es<\/h2>\n\n\n\n<p>Si vous avez un compte sur le site, vous pouvez demander \u00e0 recevoir un fichier contenant toutes les donn\u00e9es personnelles que nous poss\u00e9dons \u00e0 votre sujet, incluant celles que vous nous avez fournies. Vous pouvez \u00e9galement demander la suppression des donn\u00e9es personnelles vous concernant. Cela ne prend pas en compte les donn\u00e9es stock\u00e9es \u00e0 des fins administratives, l\u00e9gales ou pour des raisons de s\u00e9curit\u00e9.<\/p>\n\n\n\n<h2 class=\"wp-block-heading\">Transmission de vos donn\u00e9es personnelles<\/h2>\n\n\n\n<p>Les donn\u00e9es transmises sur ce site ne seront accessible que par le conseil d&rsquo;administration de l&rsquo;UMS ou de son directeur afin de pouvoir vous r\u00e9pondre dans le cas d&rsquo;une demande faite sur notre site.<\/p>\n","protected":false},"excerpt":{"rendered":"<p>Notre site internet Ce site est le site internet de l&rsquo;Union Musicale de Salbris (UMS), association loi 1901. L\u2019adresse de<span class=\"more-dots\">&#8230;<\/span><\/p>\n","protected":false},"author":1,"featured_media":0,"parent":0,"menu_order":0,"comment_status":"closed","ping_status":"open","template":"","meta":{"footnotes":""},"class_list":["post-3","page","type-page","status-publish","hentry","no-post-thumbnail"],"yoast_head":"<!-- This site is optimized with the Yoast SEO plugin v26.5 - https:\/\/yoast.com\/wordpress\/plugins\/seo\/ -->\n<title>Mentions l\u00e9gales - Union Musicale de Salbris<\/title>\n<meta name=\"robots\" content=\"index, follow, max-snippet:-1, max-image-preview:large, max-video-preview:-1\" \/>\n<link rel=\"canonical\" href=\"https:\/\/union-musicale-salbris.fr\/index.php\/politique-de-confidentialite\/\" \/>\n<meta property=\"og:locale\" content=\"fr_FR\" \/>\n<meta property=\"og:type\" content=\"article\" \/>\n<meta property=\"og:title\" content=\"Mentions l\u00e9gales - Union Musicale de Salbris\" \/>\n<meta property=\"og:description\" content=\"Notre site internet Ce site est le site internet de l&rsquo;Union Musicale de Salbris (UMS), association loi 1901. L\u2019adresse de...\" \/>\n<meta property=\"og:url\" content=\"https:\/\/union-musicale-salbris.fr\/index.php\/politique-de-confidentialite\/\" \/>\n<meta property=\"og:site_name\" content=\"Union Musicale de Salbris\" \/>\n<meta property=\"article:publisher\" content=\"https:\/\/www.facebook.com\/unionmusicale.salbris\/\" \/>\n<meta property=\"article:modified_time\" content=\"2024-04-03T07:40:16+00:00\" \/>\n<meta name=\"twitter:card\" content=\"summary_large_image\" \/>\n<meta name=\"twitter:label1\" content=\"Dur\u00e9e de lecture estim\u00e9e\" \/>\n\t<meta name=\"twitter:data1\" content=\"3 minutes\" \/>\n<script type=\"application\/ld+json\" class=\"yoast-schema-graph\">{\"@context\":\"https:\/\/schema.org\",\"@graph\":[{\"@type\":\"WebPage\",\"@id\":\"https:\/\/union-musicale-salbris.fr\/index.php\/politique-de-confidentialite\/\",\"url\":\"https:\/\/union-musicale-salbris.fr\/index.php\/politique-de-confidentialite\/\",\"name\":\"Mentions l\u00e9gales - Union Musicale de Salbris\",\"isPartOf\":{\"@id\":\"https:\/\/union-musicale-salbris.fr\/#website\"},\"datePublished\":\"2024-02-19T18:07:34+00:00\",\"dateModified\":\"2024-04-03T07:40:16+00:00\",\"breadcrumb\":{\"@id\":\"https:\/\/union-musicale-salbris.fr\/index.php\/politique-de-confidentialite\/#breadcrumb\"},\"inLanguage\":\"fr-FR\",\"potentialAction\":[{\"@type\":\"ReadAction\",\"target\":[\"https:\/\/union-musicale-salbris.fr\/index.php\/politique-de-confidentialite\/\"]}]},{\"@type\":\"BreadcrumbList\",\"@id\":\"https:\/\/union-musicale-salbris.fr\/index.php\/politique-de-confidentialite\/#breadcrumb\",\"itemListElement\":[{\"@type\":\"ListItem\",\"position\":1,\"name\":\"Accueil\",\"item\":\"https:\/\/union-musicale-salbris.fr\/\"},{\"@type\":\"ListItem\",\"position\":2,\"name\":\"Mentions l\u00e9gales\"}]},{\"@type\":\"WebSite\",\"@id\":\"https:\/\/union-musicale-salbris.fr\/#website\",\"url\":\"https:\/\/union-musicale-salbris.fr\/\",\"name\":\"Union Musicale de Salbris\",\"description\":\"Vivez la musique !\",\"publisher\":{\"@id\":\"https:\/\/union-musicale-salbris.fr\/#organization\"},\"potentialAction\":[{\"@type\":\"SearchAction\",\"target\":{\"@type\":\"EntryPoint\",\"urlTemplate\":\"https:\/\/union-musicale-salbris.fr\/?s={search_term_string}\"},\"query-input\":{\"@type\":\"PropertyValueSpecification\",\"valueRequired\":true,\"valueName\":\"search_term_string\"}}],\"inLanguage\":\"fr-FR\"},{\"@type\":\"Organization\",\"@id\":\"https:\/\/union-musicale-salbris.fr\/#organization\",\"name\":\"Union Musicale de Salbris\",\"url\":\"https:\/\/union-musicale-salbris.fr\/\",\"logo\":{\"@type\":\"ImageObject\",\"inLanguage\":\"fr-FR\",\"@id\":\"https:\/\/union-musicale-salbris.fr\/#\/schema\/logo\/image\/\",\"url\":\"https:\/\/union-musicale-salbris.fr\/wp-content\/uploads\/2024\/03\/UMS_logo_qualite.jpg\",\"contentUrl\":\"https:\/\/union-musicale-salbris.fr\/wp-content\/uploads\/2024\/03\/UMS_logo_qualite.jpg\",\"width\":737,\"height\":403,\"caption\":\"Union Musicale de Salbris\"},\"image\":{\"@id\":\"https:\/\/union-musicale-salbris.fr\/#\/schema\/logo\/image\/\"},\"sameAs\":[\"https:\/\/www.facebook.com\/unionmusicale.salbris\/\",\"https:\/\/www.instagram.com\/union_musicale_de_salbris\"]}]}<\/script>\n<!-- \/ Yoast SEO plugin. -->","yoast_head_json":{"title":"Mentions l\u00e9gales - Union Musicale de Salbris","robots":{"index":"index","follow":"follow","max-snippet":"max-snippet:-1","max-image-preview":"max-image-preview:large","max-video-preview":"max-video-preview:-1"},"canonical":"https:\/\/union-musicale-salbris.fr\/index.php\/politique-de-confidentialite\/","og_locale":"fr_FR","og_type":"article","og_title":"Mentions l\u00e9gales - Union Musicale de Salbris","og_description":"Notre site internet Ce site est le site internet de l&rsquo;Union Musicale de Salbris (UMS), association loi 1901. L\u2019adresse de...","og_url":"https:\/\/union-musicale-salbris.fr\/index.php\/politique-de-confidentialite\/","og_site_name":"Union Musicale de Salbris","article_publisher":"https:\/\/www.facebook.com\/unionmusicale.salbris\/","article_modified_time":"2024-04-03T07:40:16+00:00","twitter_card":"summary_large_image","twitter_misc":{"Dur\u00e9e de lecture estim\u00e9e":"3 minutes"},"schema":{"@context":"https:\/\/schema.org","@graph":[{"@type":"WebPage","@id":"https:\/\/union-musicale-salbris.fr\/index.php\/politique-de-confidentialite\/","url":"https:\/\/union-musicale-salbris.fr\/index.php\/politique-de-confidentialite\/","name":"Mentions l\u00e9gales - Union Musicale de Salbris","isPartOf":{"@id":"https:\/\/union-musicale-salbris.fr\/#website"},"datePublished":"2024-02-19T18:07:34+00:00","dateModified":"2024-04-03T07:40:16+00:00","breadcrumb":{"@id":"https:\/\/union-musicale-salbris.fr\/index.php\/politique-de-confidentialite\/#breadcrumb"},"inLanguage":"fr-FR","potentialAction":[{"@type":"ReadAction","target":["https:\/\/union-musicale-salbris.fr\/index.php\/politique-de-confidentialite\/"]}]},{"@type":"BreadcrumbList","@id":"https:\/\/union-musicale-salbris.fr\/index.php\/politique-de-confidentialite\/#breadcrumb","itemListElement":[{"@type":"ListItem","position":1,"name":"Accueil","item":"https:\/\/union-musicale-salbris.fr\/"},{"@type":"ListItem","position":2,"name":"Mentions l\u00e9gales"}]},{"@type":"WebSite","@id":"https:\/\/union-musicale-salbris.fr\/#website","url":"https:\/\/union-musicale-salbris.fr\/","name":"Union Musicale de Salbris","description":"Vivez la musique !","publisher":{"@id":"https:\/\/union-musicale-salbris.fr\/#organization"},"potentialAction":[{"@type":"SearchAction","target":{"@type":"EntryPoint","urlTemplate":"https:\/\/union-musicale-salbris.fr\/?s={search_term_string}"},"query-input":{"@type":"PropertyValueSpecification","valueRequired":true,"valueName":"search_term_string"}}],"inLanguage":"fr-FR"},{"@type":"Organization","@id":"https:\/\/union-musicale-salbris.fr\/#organization","name":"Union Musicale de Salbris","url":"https:\/\/union-musicale-salbris.fr\/","logo":{"@type":"ImageObject","inLanguage":"fr-FR","@id":"https:\/\/union-musicale-salbris.fr\/#\/schema\/logo\/image\/","url":"https:\/\/union-musicale-salbris.fr\/wp-content\/uploads\/2024\/03\/UMS_logo_qualite.jpg","contentUrl":"https:\/\/union-musicale-salbris.fr\/wp-content\/uploads\/2024\/03\/UMS_logo_qualite.jpg","width":737,"height":403,"caption":"Union Musicale de Salbris"},"image":{"@id":"https:\/\/union-musicale-salbris.fr\/#\/schema\/logo\/image\/"},"sameAs":["https:\/\/www.facebook.com\/unionmusicale.salbris\/","https:\/\/www.instagram.com\/union_musicale_de_salbris"]}]}},"_links":{"self":[{"href":"https:\/\/union-musicale-salbris.fr\/index.php\/wp-json\/wp\/v2\/pages\/3","targetHints":{"allow":["GET"]}}],"collection":[{"href":"https:\/\/union-musicale-salbris.fr\/index.php\/wp-json\/wp\/v2\/pages"}],"about":[{"href":"https:\/\/union-musicale-salbris.fr\/index.php\/wp-json\/wp\/v2\/types\/page"}],"author":[{"embeddable":true,"href":"https:\/\/union-musicale-salbris.fr\/index.php\/wp-json\/wp\/v2\/users\/1"}],"replies":[{"embeddable":true,"href":"https:\/\/union-musicale-salbris.fr\/index.php\/wp-json\/wp\/v2\/comments?post=3"}],"version-history":[{"count":5,"href":"https:\/\/union-musicale-salbris.fr\/index.php\/wp-json\/wp\/v2\/pages\/3\/revisions"}],"predecessor-version":[{"id":128,"href":"https:\/\/union-musicale-salbris.fr\/index.php\/wp-json\/wp\/v2\/pages\/3\/revisions\/128"}],"wp:attachment":[{"href":"https:\/\/union-musicale-salbris.fr\/index.php\/wp-json\/wp\/v2\/media?parent=3"}],"curies":[{"name":"wp","href":"https:\/\/api.w.org\/{rel}","templated":true}]}}

Mentions légales

<h2 class="wp-block-heading">Notre site internet</h2>



<p>Ce site est le site internet de l&rsquo;Union Musicale de Salbris (UMS), association loi 1901. L’adresse de notre site est&nbsp;: https://union-musicale-salbris.fr </p>



<p>Ce site est hébergé chez OVH (https://www.ovhcloud.com/fr/).</p>



<h2 class="wp-block-heading">Cookies</h2>



<p>Si vous vous rendez sur la page de connexion, un cookie temporaire sera créé afin de déterminer si votre navigateur accepte les cookies. Il ne contient pas de données personnelles et sera supprimé automatiquement à la fermeture de votre navigateur.</p>



<p>Lorsque vous vous connecterez, nous mettrons en place un certain nombre de cookies pour enregistrer vos informations de connexion et vos préférences d’écran. La durée de vie d’un cookie de connexion est de deux jours, celle d’un cookie d’option d’écran est d’un an. Si vous cochez «&nbsp;Se souvenir de moi&nbsp;», votre cookie de connexion sera conservé pendant deux semaines. Si vous vous déconnectez de votre compte, le cookie de connexion sera effacé.</p>



<p>En modifiant ou en publiant une publication, un cookie supplémentaire sera enregistré dans votre navigateur. Ce cookie ne comprend aucune donnée personnelle. Il indique simplement l’ID de la publication que vous venez de modifier. Il expire au bout d’un jour.</p>



<h2 class="wp-block-heading">Contenu embarqué depuis d’autres sites</h2>



<p>Les articles de ce site peuvent inclure des contenus intégrés (par exemple des vidéos, images, articles…). Le contenu intégré depuis d’autres sites se comporte de la même manière que si le visiteur se rendait sur cet autre site.</p>



<p>Ces sites web pourraient collecter des données sur vous, utiliser des cookies, embarquer des outils de suivis tiers, suivre vos interactions avec ces contenus embarqués si vous disposez d’un compte connecté sur leur site web.</p>



<h2 class="wp-block-heading">Utilisation et transmission de vos données personnelles</h2>



<p>Si vous demandez une réinitialisation de votre mot de passe, votre adresse IP sera incluse dans l’e-mail de réinitialisation.</p>



<h2 class="wp-block-heading">Durées de stockage de vos données</h2>



<p>Pour les comptes qui s’inscrivent sur notre site (le cas échéant), nous stockons également les données personnelles indiquées dans leur profil. Tous les comptes peuvent voir, modifier ou supprimer leurs informations personnelles à tout moment (à l’exception de leur identifiant). Les gestionnaires du site peuvent aussi voir et modifier ces informations.</p>



<h2 class="wp-block-heading">Les droits que vous avez sur vos données</h2>



<p>Si vous avez un compte sur le site, vous pouvez demander à recevoir un fichier contenant toutes les données personnelles que nous possédons à votre sujet, incluant celles que vous nous avez fournies. Vous pouvez également demander la suppression des données personnelles vous concernant. Cela ne prend pas en compte les données stockées à des fins administratives, légales ou pour des raisons de sécurité.</p>



<h2 class="wp-block-heading">Transmission de vos données personnelles</h2>



<p>Les données transmises sur ce site ne seront accessible que par le conseil d&rsquo;administration de l&rsquo;UMS ou de son directeur afin de pouvoir vous répondre dans le cas d&rsquo;une demande faite sur notre site.</p>

<!-- This site is optimized with the Yoast SEO plugin v26.5 - https://yoast.com/wordpress/plugins/seo/ -->
<title>Mentions légales - Union Musicale de Salbris</title>
<meta name="robots" content="index, follow, max-snippet:-1, max-image-preview:large, max-video-preview:-1" />
<link rel="canonical" href="https://union-musicale-salbris.fr/index.php/politique-de-confidentialite/" />
<meta property="og:locale" content="fr_FR" />
<meta property="og:type" content="article" />
<meta property="og:title" content="Mentions légales - Union Musicale de Salbris" />
<meta property="og:description" content="Notre site internet Ce site est le site internet de l&rsquo;Union Musicale de Salbris (UMS), association loi 1901. L’adresse de..." />
<meta property="og:url" content="https://union-musicale-salbris.fr/index.php/politique-de-confidentialite/" />
<meta property="og:site_name" content="Union Musicale de Salbris" />
<meta property="article:publisher" content="https://www.facebook.com/unionmusicale.salbris/" />
<meta property="article:modified_time" content="2024-04-03T07:40:16+00:00" />
<meta name="twitter:card" content="summary_large_image" />
<meta name="twitter:label1" content="Durée de lecture estimée" />
	<meta name="twitter:data1" content="3 minutes" />
<script type="application/ld+json" class="yoast-schema-graph">{"@context":"https://schema.org","@graph":[{"@type":"WebPage","@id":"https://union-musicale-salbris.fr/index.php/politique-de-confidentialite/","url":"https://union-musicale-salbris.fr/index.php/politique-de-confidentialite/","name":"Mentions légales - Union Musicale de Salbris","isPartOf":{"@id":"https://union-musicale-salbris.fr/#website"},"datePublished":"2024-02-19T18:07:34+00:00","dateModified":"2024-04-03T07:40:16+00:00","breadcrumb":{"@id":"https://union-musicale-salbris.fr/index.php/politique-de-confidentialite/#breadcrumb"},"inLanguage":"fr-FR","potentialAction":[{"@type":"ReadAction","target":["https://union-musicale-salbris.fr/index.php/politique-de-confidentialite/"]}]},{"@type":"BreadcrumbList","@id":"https://union-musicale-salbris.fr/index.php/politique-de-confidentialite/#breadcrumb","itemListElement":[{"@type":"ListItem","position":1,"name":"Accueil","item":"https://union-musicale-salbris.fr/"},{"@type":"ListItem","position":2,"name":"Mentions légales"}]},{"@type":"WebSite","@id":"https://union-musicale-salbris.fr/#website","url":"https://union-musicale-salbris.fr/","name":"Union Musicale de Salbris","description":"Vivez la musique !","publisher":{"@id":"https://union-musicale-salbris.fr/#organization"},"potentialAction":[{"@type":"SearchAction","target":{"@type":"EntryPoint","urlTemplate":"https://union-musicale-salbris.fr/?s={search_term_string}"},"query-input":{"@type":"PropertyValueSpecification","valueRequired":true,"valueName":"search_term_string"}}],"inLanguage":"fr-FR"},{"@type":"Organization","@id":"https://union-musicale-salbris.fr/#organization","name":"Union Musicale de Salbris","url":"https://union-musicale-salbris.fr/","logo":{"@type":"ImageObject","inLanguage":"fr-FR","@id":"https://union-musicale-salbris.fr/#/schema/logo/image/","url":"https://union-musicale-salbris.fr/wp-content/uploads/2024/03/UMS_logo_qualite.jpg","contentUrl":"https://union-musicale-salbris.fr/wp-content/uploads/2024/03/UMS_logo_qualite.jpg","width":737,"height":403,"caption":"Union Musicale de Salbris"},"image":{"@id":"https://union-musicale-salbris.fr/#/schema/logo/image/"},"sameAs":["https://www.facebook.com/unionmusicale.salbris/","https://www.instagram.com/union_musicale_de_salbris"]}]}</script>
<!-- / Yoast SEO plugin. -->

Mentions légales - Union Musicale de Salbris
